{"id":184,"date":"2023-11-26T10:48:56","date_gmt":"2023-11-26T09:48:56","guid":{"rendered":"https:\/\/gruppe3.mit-gdpie.eu\/wordpress\/?page_id=184"},"modified":"2023-11-26T11:30:59","modified_gmt":"2023-11-26T10:30:59","slug":"wasserzisternen","status":"publish","type":"page","link":"https:\/\/webseite1.mit-gdpie.eu\/?page_id=184","title":{"rendered":"Wasserzisternen"},"content":{"rendered":"<h4><strong>Was sind Zisternen?<br \/>\n<\/strong><\/h4>\n<p>Bei Zisternen handelt es sich um eine professionelle Anlage zur Regenwassernutzung, also einen Beh\u00e4lter aus Beton oder Kunststoff, die in die Erde eingesetzt werden und denen das Regenwasser zugeleitet wird. Dort wird es gespeichert und durch eine Pumpe bei Bedarf angezapft. Die Zisternen bestehen als aus dem Wasserspeicher (Beton oder Kunststoff), au\u00dferdem einem Filter- und Rohrsystem, so wie einer Pumpe zur Zisterne.<\/p>\n<h4><img loading=\"lazy\" decoding=\"async\" class=\"size-medium wp-image-187 alignleft\" style=\"font-size: 16px;\" src=\"https:\/\/gruppe3.mit-gdpie.eu\/wordpress\/wp-content\/uploads\/2023\/11\/zistern-300x205.jpg\" alt=\"\" width=\"300\" height=\"205\" srcset=\"https:\/\/webseite1.mit-gdpie.eu\/wp-content\/uploads\/2023\/11\/zistern-300x205.jpg 300w, https:\/\/webseite1.mit-gdpie.eu\/wp-content\/uploads\/2023\/11\/zistern-1024x701.jpg 1024w, https:\/\/webseite1.mit-gdpie.eu\/wp-content\/uploads\/2023\/11\/zistern-768x525.jpg 768w, https:\/\/webseite1.mit-gdpie.eu\/wp-content\/uploads\/2023\/11\/zistern.jpg 1200w\" sizes=\"auto, (max-width: 300px) 100vw, 300px\" \/><strong>Wozu ben\u00f6tigt man eine Zisterne?<\/strong><\/h4>\n<p>Zisternen k\u00f6nnen als verl\u00e4ssliche Quelle f\u00fcr die Trinkwasserversorgung dienen. Einer der gr\u00f6\u00dften \u201eWasserfresser\u201c im Haushalt ist die Sp\u00fclung der Toilette. Im Durchschnitt verbraucht jeder Deutsche pro Tag 40 Liter Wasser f\u00fcr die Toilettensp\u00fclung. Mit einer professionell angelegten Zisterne l\u00e4sst sich diese immense Menge an Wasser sparen. Und sogar die Waschmaschine l\u00e4sst sich \u00fcber das Leitungssystem der Zisterne betreiben.<br \/>\nAuch der Wasserverbrauch im Sommer zur Versorgung der Gr\u00fcnanlagen hat einen hohen Preis. Auch hier l\u00e4sst sich mit einer Zisterne viel Geld sparen und dabei gleichzeitig der Umwelt und dem Klima helfen. Die \u00f6kologische Funktionalit\u00e4t einer Zisterne ist einfach unschlagbar!<\/p>\n<h4><strong>Die verschiedenen Typen von Zisternen<\/strong><\/h4>\n<p>Es wird zwischen Zisternen aus Kunststoff und Zisternen aus Beton unterschieden. Die Variante aus Beton ist in drei unterschiedlichen Konstruktionstypen erh\u00e4ltlich. Sie k\u00f6nnen aus mehreren einzelnen Schachtringen bestehen, aus zwei Teilen oder auch nur aus einem St\u00fcck gefertigt werden. Mit abnehmender St\u00fcckanzahl steigt der Preis und die Qualit\u00e4t des Produkts, am hochwertigsten ist die monolithische Betonzisterne, sie ist aus einem St\u00fcck gefertigt und deshalb auch unter hohen Materialbelastungen absolut dicht. Betonzisternen sind von der Qualit\u00e4t besser als Kunstoffzisternen, aber auch vom Preis teurer, wodurch \u00f6fter beim Fassungsverm\u00f6gen dieser Regensammler gespart wird.<br \/>\nZisternen aus Kunststoff sind immer aus einem St\u00fcck gefertigt, sie bestehen entweder aus Polyethylen oder aus GFK (Glasfaserverst\u00e4rkter Kunststoff).\u00a0 Allerdings sind nur Modelle von hoher Qualit\u00e4t \u00fcber Jahre hindurch wirklich dicht. Ein Vorteil der Kunststoffzisternen sind die vielen verschiedenen Formen, in denen sie erh\u00e4ltlich sind. Damit sind sie an jedes Gel\u00e4nde und jeden Anspruch adaptierbar. Durch ihr geringeres Gewicht ist nat\u00fcrlich auch die Versetzung viel einfacher zu handhaben, als bei einer schweren Betonzisterne.<\/p>\n<hr \/>\n<p>Informationen von:<br \/>\n<small>https:\/\/www.wasseraufbereitungshilfe.de\/was-ist-eine-zisterne\/<\/small><\/p>\n<p>Bildquelle:<br \/>\n<small>https:\/\/beton-mueller.de\/regenwasser\/nutzung\/zisternen\/<\/small><\/p>\n","protected":false},"excerpt":{"rendered":"<p>Was sind Zisternen? Bei Zisternen handelt es sich um eine professionelle Anlage zur Regenwassernutzung, also einen Beh\u00e4lter aus Beton oder Kunststoff, die in die Erde eingesetzt werden und denen das Regenwasser zugeleitet wird. Dort wird es gespeichert und durch eine Pumpe bei Bedarf angezapft. Die Zisternen bestehen als aus dem Wasserspeicher (Beton oder Kunststoff), au\u00dferdem [&hellip;]<\/p>\n","protected":false},"author":1,"featured_media":0,"parent":0,"menu_order":0,"comment_status":"closed","ping_status":"closed","template":"","meta":{"footnotes":""},"class_list":["post-184","page","type-page","status-publish","hentry"],"_links":{"self":[{"href":"https:\/\/webseite1.mit-gdpie.eu\/index.php?rest_route=\/wp\/v2\/pages\/184","targetHints":{"allow":["GET"]}}],"collection":[{"href":"https:\/\/webseite1.mit-gdpie.eu\/index.php?rest_route=\/wp\/v2\/pages"}],"about":[{"href":"https:\/\/webseite1.mit-gdpie.eu\/index.php?rest_route=\/wp\/v2\/types\/page"}],"author":[{"embeddable":true,"href":"https:\/\/webseite1.mit-gdpie.eu\/index.php?rest_route=\/wp\/v2\/users\/1"}],"replies":[{"embeddable":true,"href":"https:\/\/webseite1.mit-gdpie.eu\/index.php?rest_route=%2Fwp%2Fv2%2Fcomments&post=184"}],"version-history":[{"count":11,"href":"https:\/\/webseite1.mit-gdpie.eu\/index.php?rest_route=\/wp\/v2\/pages\/184\/revisions"}],"predecessor-version":[{"id":196,"href":"https:\/\/webseite1.mit-gdpie.eu\/index.php?rest_route=\/wp\/v2\/pages\/184\/revisions\/196"}],"wp:attachment":[{"href":"https:\/\/webseite1.mit-gdpie.eu\/index.php?rest_route=%2Fwp%2Fv2%2Fmedia&parent=184"}],"curies":[{"name":"wp","href":"https:\/\/api.w.org\/{rel}","templated":true}]}}