{"id":155,"date":"2023-11-25T19:53:24","date_gmt":"2023-11-25T18:53:24","guid":{"rendered":"https:\/\/gruppe3.mit-gdpie.eu\/wordpress\/?page_id=155"},"modified":"2023-11-26T11:49:17","modified_gmt":"2023-11-26T10:49:17","slug":"beregnungsanlagen","status":"publish","type":"page","link":"https:\/\/webseite1.mit-gdpie.eu\/?page_id=155","title":{"rendered":"Beregnungsanlagen und Sprengarbeiten"},"content":{"rendered":"<h4><strong>Warum ein automatisches Gartenbew\u00e4sserungssystem einbauen lassen?<\/strong><\/h4>\n<p>Beregnungsanlagen f\u00fcr den Garten erleichtern dessen Bew\u00e4sserung extrem. Man spart viel Zeit; muss nicht andauernd die kr\u00e4ftezerrende Arbeit mit der Gie\u00dfkanne erledigen und zudem arbeiten automatische Bew\u00e4sserungssysteme ganz von allein &#8211; ohne dass man sie beaufsichtigen muss. Um solch ein System zur Gartenbew\u00e4sserung verlegen zu k\u00f6nnen, m\u00fcssen zuerst Leitungen, in denen das Wasser vom Wasseranschluss transportiert wird, verlegt und zu einem Bew\u00e4sserungssystem verbunden werden. Sogenannte Regner sorgen f\u00fcr die Bew\u00e4sserung.<\/p>\n<h4 style=\"margin-top: 0px; margin-bottom: 0.540791em;\"><strong><img loading=\"lazy\" decoding=\"async\" class=\"size-medium wp-image-179 alignleft\" src=\"https:\/\/gruppe3.mit-gdpie.eu\/wordpress\/wp-content\/uploads\/2023\/11\/rasensprenger-300x169.jpeg\" alt=\"\" width=\"300\" height=\"169\" srcset=\"https:\/\/webseite1.mit-gdpie.eu\/wp-content\/uploads\/2023\/11\/rasensprenger-300x169.jpeg 300w, https:\/\/webseite1.mit-gdpie.eu\/wp-content\/uploads\/2023\/11\/rasensprenger-1024x576.jpeg 1024w, https:\/\/webseite1.mit-gdpie.eu\/wp-content\/uploads\/2023\/11\/rasensprenger-768x432.jpeg 768w, https:\/\/webseite1.mit-gdpie.eu\/wp-content\/uploads\/2023\/11\/rasensprenger-1536x864.jpeg 1536w, https:\/\/webseite1.mit-gdpie.eu\/wp-content\/uploads\/2023\/11\/rasensprenger.jpeg 1920w\" sizes=\"auto, (max-width: 300px) 100vw, 300px\" \/><\/strong><\/h4>\n<h4 style=\"margin-top: 0px; margin-bottom: 0.540791em;\"><strong>Verschiedene Varianten<\/strong><\/h4>\n<ul>\n<li style=\"list-style-type: none;\">\n<ul>\n<li>Kreisregner<\/li>\n<li>Impulsregner<\/li>\n<li>Versenkregner<\/li>\n<li>Mehrfl\u00e4chenregner<\/li>\n<li>Viereckregner<\/li>\n<li>Tropfschlauch<\/li>\n<\/ul>\n<\/li>\n<\/ul>\n<hr \/>\n<p>Informationen von:<br \/>\n<small>https:\/\/www.gartenbau.org\/magazin\/bewaesserungssystem-im-garten-verlegen-20147538<\/small><\/p>\n<p>Bildquelle:<br \/>\n<small>https:\/\/bnn.de\/mittelbaden\/baden-baden\/wasser-bewaesserung-rasesnsprenger-baden-baden-lichtentaler-allee-gruende<\/small><\/p>\n","protected":false},"excerpt":{"rendered":"<p>Warum ein automatisches Gartenbew\u00e4sserungssystem einbauen lassen? Beregnungsanlagen f\u00fcr den Garten erleichtern dessen Bew\u00e4sserung extrem. Man spart viel Zeit; muss nicht andauernd die kr\u00e4ftezerrende Arbeit mit der Gie\u00dfkanne erledigen und zudem arbeiten automatische Bew\u00e4sserungssysteme ganz von allein &#8211; ohne dass man sie beaufsichtigen muss. Um solch ein System zur Gartenbew\u00e4sserung verlegen zu k\u00f6nnen, m\u00fcssen zuerst Leitungen, [&hellip;]<\/p>\n","protected":false},"author":1,"featured_media":0,"parent":0,"menu_order":0,"comment_status":"closed","ping_status":"closed","template":"","meta":{"footnotes":""},"class_list":["post-155","page","type-page","status-publish","hentry"],"_links":{"self":[{"href":"https:\/\/webseite1.mit-gdpie.eu\/index.php?rest_route=\/wp\/v2\/pages\/155","targetHints":{"allow":["GET"]}}],"collection":[{"href":"https:\/\/webseite1.mit-gdpie.eu\/index.php?rest_route=\/wp\/v2\/pages"}],"about":[{"href":"https:\/\/webseite1.mit-gdpie.eu\/index.php?rest_route=\/wp\/v2\/types\/page"}],"author":[{"embeddable":true,"href":"https:\/\/webseite1.mit-gdpie.eu\/index.php?rest_route=\/wp\/v2\/users\/1"}],"replies":[{"embeddable":true,"href":"https:\/\/webseite1.mit-gdpie.eu\/index.php?rest_route=%2Fwp%2Fv2%2Fcomments&post=155"}],"version-history":[{"count":11,"href":"https:\/\/webseite1.mit-gdpie.eu\/index.php?rest_route=\/wp\/v2\/pages\/155\/revisions"}],"predecessor-version":[{"id":215,"href":"https:\/\/webseite1.mit-gdpie.eu\/index.php?rest_route=\/wp\/v2\/pages\/155\/revisions\/215"}],"wp:attachment":[{"href":"https:\/\/webseite1.mit-gdpie.eu\/index.php?rest_route=%2Fwp%2Fv2%2Fmedia&parent=155"}],"curies":[{"name":"wp","href":"https:\/\/api.w.org\/{rel}","templated":true}]}}