{"id":105,"date":"2023-11-20T12:37:34","date_gmt":"2023-11-20T11:37:34","guid":{"rendered":"https:\/\/gruppe3.mit-gdpie.eu\/wordpress\/?page_id=105"},"modified":"2023-11-26T11:56:33","modified_gmt":"2023-11-26T10:56:33","slug":"gartenbrunnen","status":"publish","type":"page","link":"https:\/\/webseite1.mit-gdpie.eu\/?page_id=105","title":{"rendered":"Gartenbrunnen"},"content":{"rendered":"<h4><strong>Warum einen Brunnen anschaffen?<\/strong><\/h4>\n<p>Gartenbrunnen sind \u00e4u\u00dferst n\u00fctzlich. Eine Wasserquelle im eigenen Garten hat doch durchaus ihren Reiz und dazu vermittelt das Schmuckst\u00fcck auch noch eine romantische Atmosph\u00e4re.<\/p>\n<p>Bei uns stehen Brunnen aber auch in den verschiedensten Varianten zur Verf\u00fcgung und k\u00f6nnen Ihre G\u00e4rten\u00a0 in kleine Wohlf\u00fchl-Oasen verwandeln. Variierend in Gr\u00f6\u00dfe, Beschaffenheit und Stil des Gartens kann ein Brunnen individuell in die Gesamtgestaltung eingebettet werden und somit als au\u00dfergew\u00f6hnliches Highlight auf der einen und als praktische Wasserquelle auf der anderen Seite dienen.<\/p>\n<h4><img loading=\"lazy\" decoding=\"async\" class=\"size-medium wp-image-138 alignleft\" src=\"https:\/\/gruppe3.mit-gdpie.eu\/wordpress\/wp-content\/uploads\/2023\/11\/gartenbrunnen-300x227.webp\" alt=\"\" width=\"300\" height=\"227\" srcset=\"https:\/\/webseite1.mit-gdpie.eu\/wp-content\/uploads\/2023\/11\/gartenbrunnen-300x227.webp 300w, https:\/\/webseite1.mit-gdpie.eu\/wp-content\/uploads\/2023\/11\/gartenbrunnen-768x581.webp 768w, https:\/\/webseite1.mit-gdpie.eu\/wp-content\/uploads\/2023\/11\/gartenbrunnen.webp 824w\" sizes=\"auto, (max-width: 300px) 100vw, 300px\" \/><strong>Nutzen des Brunnens<\/strong><\/h4>\n<p>Nat\u00fcrlich k\u00f6nnen Sie den Brunnen als Trinkwasserquelle nutzen, hierbei ist es jedoch wichtig, das Wasser zuvor auf Verunreinigungen zu pr\u00fcfen. Gerne kommen wir auch vorbei und verschaffen uns vor Ort einen \u00dcberblick.<br \/>\nAuch k\u00f6nnen Sie ihn in Ihre Gartenbew\u00e4sserung mit einbinden (siehe unsere Leistungen &#8211; <a href=\"https:\/\/gruppe3.mit-gdpie.eu\/wordpress\/?page_id=155\">Beregnungsanlagen und Sprengarbeiten<\/a>,\u00a0 dadurch schonen Sie hingegen nicht nur Ihren Geldbeutel und erhalten eine ausreichende Wassermenge, sondern Sie handeln auch umweltfreundlich, da der Gartenbrunnen aus dem Grundwasser gespeist wird. Auch lassen sich an die meisten Brunnen problemlos gesonderte Gartenbew\u00e4sserungssysteme anschlie\u00dfen. Das bedeutet f\u00fcr Sie einen weiteren praktischen Mehrwert, der Ihnen das l\u00e4stige, mehrfache Nachf\u00fcllen der Gie\u00dfkanne erspart.<\/p>\n<h4><strong>Brunnenarten<br \/>\n<\/strong><\/h4>\n<ul>\n<li style=\"list-style-type: none;\">\n<ul>\n<li>Bohrbrunnen,<\/li>\n<li>Schlag- oder Rammbrunnen und<\/li>\n<li>Schachtbrunnen<\/li>\n<\/ul>\n<\/li>\n<\/ul>\n<hr \/>\n<p>Informationen von:<br \/>\n<small>https:\/\/www.kull-design.com\/blog\/gartenbrunnen-ratgeber\/<\/small><\/p>\n<p>Bildquelle:<br \/>\n<small>https:\/\/www.gartenhaus.ch\/magazin\/brunnen-anlegen-im-garten\/<\/small><\/p>\n","protected":false},"excerpt":{"rendered":"<p>Warum einen Brunnen anschaffen? Gartenbrunnen sind \u00e4u\u00dferst n\u00fctzlich. Eine Wasserquelle im eigenen Garten hat doch durchaus ihren Reiz und dazu vermittelt das Schmuckst\u00fcck auch noch eine romantische Atmosph\u00e4re. Bei uns stehen Brunnen aber auch in den verschiedensten Varianten zur Verf\u00fcgung und k\u00f6nnen Ihre G\u00e4rten\u00a0 in kleine Wohlf\u00fchl-Oasen verwandeln. Variierend in Gr\u00f6\u00dfe, Beschaffenheit und Stil des [&hellip;]<\/p>\n","protected":false},"author":1,"featured_media":0,"parent":0,"menu_order":0,"comment_status":"closed","ping_status":"closed","template":"","meta":{"footnotes":""},"class_list":["post-105","page","type-page","status-publish","hentry"],"_links":{"self":[{"href":"https:\/\/webseite1.mit-gdpie.eu\/index.php?rest_route=\/wp\/v2\/pages\/105","targetHints":{"allow":["GET"]}}],"collection":[{"href":"https:\/\/webseite1.mit-gdpie.eu\/index.php?rest_route=\/wp\/v2\/pages"}],"about":[{"href":"https:\/\/webseite1.mit-gdpie.eu\/index.php?rest_route=\/wp\/v2\/types\/page"}],"author":[{"embeddable":true,"href":"https:\/\/webseite1.mit-gdpie.eu\/index.php?rest_route=\/wp\/v2\/users\/1"}],"replies":[{"embeddable":true,"href":"https:\/\/webseite1.mit-gdpie.eu\/index.php?rest_route=%2Fwp%2Fv2%2Fcomments&post=105"}],"version-history":[{"count":14,"href":"https:\/\/webseite1.mit-gdpie.eu\/index.php?rest_route=\/wp\/v2\/pages\/105\/revisions"}],"predecessor-version":[{"id":219,"href":"https:\/\/webseite1.mit-gdpie.eu\/index.php?rest_route=\/wp\/v2\/pages\/105\/revisions\/219"}],"wp:attachment":[{"href":"https:\/\/webseite1.mit-gdpie.eu\/index.php?rest_route=%2Fwp%2Fv2%2Fmedia&parent=105"}],"curies":[{"name":"wp","href":"https:\/\/api.w.org\/{rel}","templated":true}]}}